[INFO] fetching crate tracing-attributes-http 0.1.1...
[INFO] checking tracing-attributes-http-0.1.1 against master#e6e4f7ed1589e03bc2f6c5931c1a72e7947e8682 for beta-170-4
[INFO] extracting crate tracing-attributes-http 0.1.1 into /workspace/builds/worker-6-tc2/source
[INFO] validating manifest of crates.io crate tracing-attributes-http 0.1.1 on toolchain e6e4f7ed1589e03bc2f6c5931c1a72e7947e8682
[INFO] running `Command { std: CARGO_HOME="/workspace/cargo-home" RUSTUP_HOME="/workspace/rustup-home" "/workspace/cargo-home/bin/cargo" "+e6e4f7ed1589e03bc2f6c5931c1a72e7947e8682" "metadata" "--manifest-path" "Cargo.toml" "--no-deps", kill_on_drop: false }`
[INFO] started tweaking crates.io crate tracing-attributes-http 0.1.1
[INFO] removed 0 missing examples
[INFO] removed 1 missing tests
[INFO] finished tweaking crates.io crate tracing-attributes-http 0.1.1
[INFO] tweaked toml for crates.io crate tracing-attributes-http 0.1.1 written to /workspace/builds/worker-6-tc2/source/Cargo.toml
[INFO] crate crates.io crate tracing-attributes-http 0.1.1 already has a lockfile, it will not be regenerated
[INFO] running `Command { std: CARGO_HOME="/workspace/cargo-home" RUSTUP_HOME="/workspace/rustup-home" "/workspace/cargo-home/bin/cargo" "+e6e4f7ed1589e03bc2f6c5931c1a72e7947e8682" "fetch" "--manifest-path" "Cargo.toml", kill_on_drop: false }`
[INFO] running `Command { std: "docker" "create" "-v" "/var/lib/crater-agent-workspace/builds/worker-6-tc2/target:/opt/rustwide/target:rw,Z" "-v" "/var/lib/crater-agent-workspace/builds/worker-6-tc2/source:/opt/rustwide/workdir:ro,Z" "-v" "/var/lib/crater-agent-workspace/cargo-home:/opt/rustwide/cargo-home:ro,Z" "-v" "/var/lib/crater-agent-workspace/rustup-home:/opt/rustwide/rustup-home:ro,Z" "-e" "SOURCE_DIR=/opt/rustwide/workdir" "-e" "CARGO_TARGET_DIR=/opt/rustwide/target" "-e" "CARGO_HOME=/opt/rustwide/cargo-home" "-e" "RUSTUP_HOME=/opt/rustwide/rustup-home" "-w" "/opt/rustwide/workdir" "-m" "1610612736" "--user" "0:0" "--network" "none" "ghcr.io/rust-lang/crates-build-env/linux@sha256:19e73879b68f455e41552ea35293514db52ea292d993f571636dbffedb77a1ee" "/opt/rustwide/cargo-home/bin/cargo" "+e6e4f7ed1589e03bc2f6c5931c1a72e7947e8682" "metadata" "--no-deps" "--format-version=1", kill_on_drop: false }`
[INFO] [stdout] 4baa46ba29fa59b45cc4c9847ec1e29a9422dc93e6bcb3104f641f176c8a7f09
[INFO] running `Command { std: "docker" "start" "-a" "4baa46ba29fa59b45cc4c9847ec1e29a9422dc93e6bcb3104f641f176c8a7f09", kill_on_drop: false }`
[INFO] running `Command { std: "docker" "inspect" "4baa46ba29fa59b45cc4c9847ec1e29a9422dc93e6bcb3104f641f176c8a7f09", kill_on_drop: false }`
[INFO] running `Command { std: "docker" "rm" "-f" "4baa46ba29fa59b45cc4c9847ec1e29a9422dc93e6bcb3104f641f176c8a7f09", kill_on_drop: false }`
[INFO] [stdout] 4baa46ba29fa59b45cc4c9847ec1e29a9422dc93e6bcb3104f641f176c8a7f09
[INFO] running `Command { std: "docker" "create" "-v" "/var/lib/crater-agent-workspace/builds/worker-6-tc2/target:/opt/rustwide/target:rw,Z" "-v" "/var/lib/crater-agent-workspace/builds/worker-6-tc2/source:/opt/rustwide/workdir:ro,Z" "-v" "/var/lib/crater-agent-workspace/cargo-home:/opt/rustwide/cargo-home:ro,Z" "-v" "/var/lib/crater-agent-workspace/rustup-home:/opt/rustwide/rustup-home:ro,Z" "-e" "SOURCE_DIR=/opt/rustwide/workdir" "-e" "CARGO_TARGET_DIR=/opt/rustwide/target" "-e" "CARGO_INCREMENTAL=0" "-e" "RUST_BACKTRACE=full" "-e" "RUSTFLAGS=--cap-lints=forbid" "-e" "RUSTDOCFLAGS=--cap-lints=forbid" "-e" "CARGO_HOME=/opt/rustwide/cargo-home" "-e" "RUSTUP_HOME=/opt/rustwide/rustup-home" "-w" "/opt/rustwide/workdir" "-m" "1610612736" "--user" "0:0" "--network" "none" "ghcr.io/rust-lang/crates-build-env/linux@sha256:19e73879b68f455e41552ea35293514db52ea292d993f571636dbffedb77a1ee" "/opt/rustwide/cargo-home/bin/cargo" "+e6e4f7ed1589e03bc2f6c5931c1a72e7947e8682" "check" "--frozen" "--all" "--all-targets" "--message-format=json", kill_on_drop: false }`
[INFO] [stdout] 4f781b586b8461f4ede0d4e1b07ef8249896dec2f8c060c780c8fe8b92f120d1
[INFO] running `Command { std: "docker" "start" "-a" "4f781b586b8461f4ede0d4e1b07ef8249896dec2f8c060c780c8fe8b92f120d1", kill_on_drop: false }`
[INFO] [stderr] warning: invalid feature `full` in required-features of target `client_json_tracing_json`: `full` is not present in [features] section
[INFO] [stderr] warning: invalid feature `full` in required-features of target `client_json_tracing_off`: `full` is not present in [features] section
[INFO] [stderr] warning: invalid feature `log/max_level_off` in required-features of target `client_json_tracing_off`: dependency `log` does not exist
[INFO] [stderr] warning: invalid feature `full` in required-features of target `client_json_tracing_otel`: `full` is not present in [features] section
[INFO] [stderr] warning: invalid feature `trace` in required-features of target `client_json_tracing_otel`: `trace` is not present in [features] section
[INFO] [stderr]    Compiling proc-macro2 v1.0.36
[INFO] [stderr]    Compiling libc v0.2.116
[INFO] [stderr]    Compiling unicode-xid v0.2.2
[INFO] [stderr]    Compiling syn v1.0.86
[INFO] [stderr]    Compiling memchr v2.4.1
[INFO] [stderr]    Compiling log v0.4.14
[INFO] [stderr]    Compiling futures-core v0.3.19
[INFO] [stderr]    Compiling parking_lot_core v0.8.5
[INFO] [stderr]    Compiling futures-task v0.3.19
[INFO] [stderr]     Checking once_cell v1.9.0
[INFO] [stderr]    Compiling futures-util v0.3.19
[INFO] [stderr]     Checking pin-project-lite v0.2.8
[INFO] [stderr]     Checking instant v0.1.12
[INFO] [stderr]     Checking lock_api v0.4.6
[INFO] [stderr]     Checking itoa v1.0.1
[INFO] [stderr]    Compiling futures-channel v0.3.19
[INFO] [stderr]    Compiling crossbeam-utils v0.8.6
[INFO] [stderr]     Checking futures-sink v0.3.19
[INFO] [stderr]     Checking slab v0.4.5
[INFO] [stderr]    Compiling serde_derive v1.0.136
[INFO] [stderr]     Checking tracing-core v0.1.21
[INFO] [stderr]    Compiling async-trait v0.1.52
[INFO] [stderr]    Compiling serde v1.0.136
[INFO] [stderr]     Checking http v0.2.6
[INFO] [stderr]    Compiling indexmap v1.8.0
[INFO] [stderr]     Checking tinyvec v1.5.1
[INFO] [stderr]     Checking ryu v1.0.9
[INFO] [stderr]    Compiling httparse v1.6.0
[INFO] [stderr]    Compiling proc-macro-error v1.0.4
[INFO] [stderr]    Compiling num-traits v0.2.14
[INFO] [stderr]     Checking crossbeam-channel v0.5.2
[INFO] [stderr]    Compiling smallvec v1.8.0
[INFO] [stderr]    Compiling scopeguard v1.1.0
[INFO] [stderr]    Compiling encoding_rs v0.8.30
[INFO] [stderr]     Checking unicode-bidi v0.3.7
[INFO] [stderr]     Checking quote v1.0.15
[INFO] [stderr]     Checking want v0.3.0
[INFO] [stderr]     Checking crypto-common v0.1.2
[INFO] [stderr]     Checking digest v0.10.2
[INFO] [stderr]     Checking thread_local v1.1.4
[INFO] [stderr]    Compiling ppv-lite86 v0.2.16
[INFO] [stderr]     Checking cpufeatures v0.2.1
[INFO] [stderr]    Compiling getrandom v0.2.4
[INFO] [stderr]    Compiling signal-hook-registry v1.4.0
[INFO] [stderr]    Compiling mio v0.7.14
[INFO] [stderr]    Compiling num_cpus v1.13.1
[INFO] [stderr]    Compiling proc-macro-error-attr v1.0.4
[INFO] [stderr]    Compiling pin-utils v0.1.0
[INFO] [stderr]     Checking unicode-normalization v0.1.19
[INFO] [stderr]     Checking socket2 v0.4.4
[INFO] [stderr]     Checking parking_lot v0.11.2
[INFO] [stderr]     Checking rand_core v0.6.3
[INFO] [stderr]    Compiling futures-io v0.3.21
[INFO] [stderr]     Checking ipnet v2.3.1
[INFO] [stderr]    Compiling serde_json v1.0.78
[INFO] [stderr]     Checking rand_chacha v0.3.1
[INFO] [stderr]    Compiling bytes v1.1.0
[INFO] [stderr]     Checking threadpool v1.8.1
[INFO] [stderr]     Checking rand v0.8.4
[INFO] [stderr]     Checking ordered-float v1.1.1
[INFO] [stderr]     Checking atty v0.2.14
[INFO] [stderr]     Checking tracing-subscriber v0.3.7
[INFO] [stderr]     Checking sha-1 v0.10.0
[INFO] [stderr]    Compiling sharded-slab v0.1.4
[INFO] [stderr]    Compiling trybuild v1.0.54
[INFO] [stderr]     Checking integer-encoding v3.0.2
[INFO] [stderr]     Checking ansi_term v0.12.1
[INFO] [stderr]     Checking thrift v0.15.0
[INFO] [stderr]     Checking http-body v0.4.4
[INFO] [stderr]     Checking headers-core v0.2.0
[INFO] [stderr]     Checking headers v0.3.7
[INFO] [stderr]     Checking glob v0.3.0
[INFO] [stderr]    Compiling percent-encoding v2.1.0
[INFO] [stderr]     Checking termcolor v1.1.2
[INFO] [stderr]     Checking tracing-tree v0.2.0
[INFO] [stderr]     Checking idna v0.2.3
[INFO] [stderr]     Checking url v2.2.2
[INFO] [stderr]     Checking futures-executor v0.3.19
[INFO] [stderr]    Compiling tokio-macros v1.7.0
[INFO] [stderr]    Compiling thiserror-impl v1.0.30
[INFO] [stderr]    Compiling tracing-attributes v0.1.18
[INFO] [stderr]    Compiling pin-project-internal v1.0.10
[INFO] [stderr]     Checking tokio v1.16.1
[INFO] [stderr]     Checking thiserror v1.0.30
[INFO] [stderr]     Checking pin-project v1.0.10
[INFO] [stderr]     Checking tracing v0.1.29
[INFO] [stderr]     Checking tokio-stream v0.1.8
[INFO] [stderr]     Checking tokio-util v0.6.9
[INFO] [stderr]     Checking opentelemetry v0.17.0
[INFO] [stderr]     Checking h2 v0.3.11
[INFO] [stderr]     Checking opentelemetry-semantic-conventions v0.9.0
[INFO] [stderr]     Checking tracing-attributes-http v0.1.1 (/opt/rustwide/workdir)
[INFO] [stderr]     Checking serde_urlencoded v0.7.1
[INFO] [stderr]     Checking toml v0.5.8
[INFO] [stderr]     Checking hyper v0.14.17
[INFO] [stderr]     Checking reqwest v0.11.9
[INFO] [stderr]     Checking opentelemetry-http v0.6.0
[INFO] [stderr]     Checking opentelemetry-jaeger v0.16.0
[INFO] [stdout] error[E0433]: failed to resolve: use of undeclared crate or module `tracing_subscriber`
[INFO] [stdout]  --> examples/echo_trace.rs:8:5
[INFO] [stdout]   |
[INFO] [stdout] 8 | use tracing_subscriber::prelude::*;
[INFO] [stdout]   |     ^^^^^^^^^^^^^^^^^^ use of undeclared crate or module `tracing_subscriber`
[INFO] [stdout] 
[INFO] [stdout] 
[INFO] [stdout] error[E0433]: failed to resolve: use of undeclared crate or module `tracing_subscriber`
[INFO] [stdout]   --> examples/client_json_tracing_otel1.rs:26:5
[INFO] [stdout]    |
[INFO] [stdout] 26 | use tracing_subscriber::prelude::*;
[INFO] [stdout]    |     ^^^^^^^^^^^^^^^^^^ use of undeclared crate or module `tracing_subscriber`
[INFO] [stdout] 
[INFO] [stdout] 
[INFO] [stdout] error[E0433]: failed to resolve: use of undeclared crate or module `tracing_subscriber`
[INFO] [stdout]  --> examples/echo_trace.rs:7:5
[INFO] [stdout]   |
[INFO] [stdout] 7 | use tracing_subscriber::layer::SubscriberExt;
[INFO] [stdout]   |     ^^^^^^^^^^^^^^^^^^ use of undeclared crate or module `tracing_subscriber`
[INFO] [stdout] 
[INFO] [stdout] 
[INFO] [stdout] error[E0432]: unresolved imports `futures_util`, `tracing_subscriber::layer::SubscriberExt`
[INFO] [stdout]  --> examples/echo_trace.rs:3:5
[INFO] [stdout]   |
[INFO] [stdout] 3 | use futures_util::TryStreamExt;
[INFO] [stdout]   |     ^^^^^^^^^^^^ use of undeclared crate or module `futures_util`
[INFO] [stdout] ...
[INFO] [stdout] 7 | use tracing_subscriber::layer::SubscriberExt;
[INFO] [stdout]   |     ^^^^^^^^^^^^^^^^^^^^^^^^^^^^^^^^^^^^^^^^
[INFO] [stdout] 
[INFO] [stdout] 
[INFO] [stdout] error[E0433]: failed to resolve: use of undeclared crate or module `tracing_subscriber`
[INFO] [stdout]   --> examples/client_json_tracing_otel1.rs:25:5
[INFO] [stdout]    |
[INFO] [stdout] 25 | use tracing_subscriber::layer::SubscriberExt;
[INFO] [stdout]    |     ^^^^^^^^^^^^^^^^^^ use of undeclared crate or module `tracing_subscriber`
[INFO] [stdout] 
[INFO] [stdout] 
[INFO] [stdout] error[E0432]: unresolved imports `serde`, `tracing_subscriber::layer::SubscriberExt`
[INFO] [stdout]   --> examples/client_json_tracing_otel1.rs:22:5
[INFO] [stdout]    |
[INFO] [stdout] 22 | use serde::Deserialize;
[INFO] [stdout]    |     ^^^^^ use of undeclared crate or module `serde`
[INFO] [stdout] ...
[INFO] [stdout] 25 | use tracing_subscriber::layer::SubscriberExt;
[INFO] [stdout]    |     ^^^^^^^^^^^^^^^^^^^^^^^^^^^^^^^^^^^^^^^^
[INFO] [stdout] 
[INFO] [stdout] 
[INFO] [stdout] error: cannot determine resolution for the derive macro `Deserialize`
[INFO] [stdout]    --> examples/client_json_tracing_otel1.rs:104:10
[INFO] [stdout]     |
[INFO] [stdout] 104 | #[derive(Deserialize, Debug)]
[INFO] [stdout]     |          ^^^^^^^^^^^
[INFO] [stdout]     |
[INFO] [stdout]     = note: import resolution is stuck, try simplifying macro imports
[INFO] [stdout] 
[INFO] [stdout] 
[INFO] [stdout] error[E0433]: failed to resolve: use of undeclared crate or module `tracing_opentelemetry`
[INFO] [stdout]   --> examples/echo_trace.rs:87:21
[INFO] [stdout]    |
[INFO] [stdout] 87 |     let telemetry = tracing_opentelemetry::OpenTelemetryLayer::new(tracer);
[INFO] [stdout]    |                     ^^^^^^^^^^^^^^^^^^^^^ use of undeclared crate or module `tracing_opentelemetry`
[INFO] [stdout] 
[INFO] [stdout] 
[INFO] [stdout] error[E0433]: failed to resolve: use of undeclared crate or module `tracing_subscriber`
[INFO] [stdout]   --> examples/client_json_tracing_print.rs:25:5
[INFO] [stdout]    |
[INFO] [stdout] 25 | use tracing_subscriber::prelude::*;
[INFO] [stdout]    |     ^^^^^^^^^^^^^^^^^^ use of undeclared crate or module `tracing_subscriber`
[INFO] [stdout] 
[INFO] [stdout] 
[INFO] [stdout] error[E0432]: unresolved import `hyper::PrintLayer`
[INFO] [stdout]   --> examples/client_json_tracing_print.rs:22:5
[INFO] [stdout]    |
[INFO] [stdout] 22 | use hyper::PrintLayer;
[INFO] [stdout]    |     ^^^^^^^^^^^^^^^^^ no `PrintLayer` in the root
[INFO] [stdout] 
[INFO] [stdout] 
[INFO] [stdout] error[E0432]: unresolved import `serde`
[INFO] [stdout]   --> examples/client_json_tracing_print.rs:23:5
[INFO] [stdout]    |
[INFO] [stdout] 23 | use serde::Deserialize;
[INFO] [stdout]    |     ^^^^^ use of undeclared crate or module `serde`
[INFO] [stdout] 
[INFO] [stdout] 
[INFO] [stdout] error: cannot determine resolution for the derive macro `Deserialize`
[INFO] [stdout]   --> examples/client_json_tracing_print.rs:65:10
[INFO] [stdout]    |
[INFO] [stdout] 65 | #[derive(Deserialize, Debug)]
[INFO] [stdout]    |          ^^^^^^^^^^^
[INFO] [stdout]    |
[INFO] [stdout]    = note: import resolution is stuck, try simplifying macro imports
[INFO] [stdout] 
[INFO] [stdout] 
[INFO] [stdout] error[E0433]: failed to resolve: could not find `OtelLayer` in `hyper`
[INFO] [stdout]   --> examples/client_json_tracing_otel1.rs:60:28
[INFO] [stdout]    |
[INFO] [stdout] 60 |     let telemetry = hyper::OtelLayer::layer().with_tracer(tracer);
[INFO] [stdout]    |                            ^^^^^^^^^ could not find `OtelLayer` in `hyper`
[INFO] [stdout] 
[INFO] [stdout] 
[INFO] [stdout] error[E0599]: no method named `map_ok` found for struct `Body` in the current scope
[INFO] [stdout]    --> examples/echo_trace.rs:25:48
[INFO] [stdout]     |
[INFO] [stdout] 25  |             let chunk_stream = req.into_body().map_ok(|chunk| {
[INFO] [stdout]     |                                ----------------^^^^^^ method not found in `Body`
[INFO] [stdout]     |
[INFO] [stdout]    ::: /opt/rustwide/cargo-home/registry/src/index.crates.io-6f17d22bba15001f/futures-util-0.3.19/src/stream/try_stream/mod.rs:200:8
[INFO] [stdout]     |
[INFO] [stdout] 200 |     fn map_ok<T, F>(self, f: F) -> MapOk<Self, F>
[INFO] [stdout]     |        ------ the method is available for `Body` here
[INFO] [stdout]     |
[INFO] [stdout]     = help: items from traits can only be used if the trait is in scope
[INFO] [stdout] help: the following trait is implemented but not in scope; perhaps add a `use` for it:
[INFO] [stdout]     |
[INFO] [stdout] 3   + use futures_util::stream::try_stream::TryStreamExt;
[INFO] [stdout]     |
[INFO] [stdout] 
[INFO] [stdout] 
[INFO] [stdout] error[E0433]: failed to resolve: use of undeclared crate or module `tracing_subscriber`
[INFO] [stdout]   --> examples/echo_trace.rs:90:5
[INFO] [stdout]    |
[INFO] [stdout] 90 |     tracing_subscriber::registry()
[INFO] [stdout]    |     ^^^^^^^^^^^^^^^^^^ use of undeclared crate or module `tracing_subscriber`
[INFO] [stdout] 
[INFO] [stdout] 
[INFO] [stdout] error[E0433]: failed to resolve: use of undeclared crate or module `serde_json`
[INFO] [stdout]   --> examples/client_json_tracing_print.rs:60:17
[INFO] [stdout]    |
[INFO] [stdout] 60 |     let users = serde_json::from_reader(body.reader())?;
[INFO] [stdout]    |                 ^^^^^^^^^^ use of undeclared crate or module `serde_json`
[INFO] [stdout] 
[INFO] [stdout] 
[INFO] [stdout] error[E0433]: failed to resolve: use of undeclared crate or module `serde_json`
[INFO] [stdout]   --> examples/client_json_tracing_otel1.rs:99:17
[INFO] [stdout]    |
[INFO] [stdout] 99 |     let users = serde_json::from_reader(body.reader())?;
[INFO] [stdout]    |                 ^^^^^^^^^^ use of undeclared crate or module `serde_json`
[INFO] [stdout] 
[INFO] [stdout] 
[INFO] [stdout] error[E0433]: failed to resolve: use of undeclared crate or module `tracing_subscriber`
[INFO] [stdout]   --> examples/client_json_tracing_print.rs:34:5
[INFO] [stdout]    |
[INFO] [stdout] 34 |     tracing_subscriber::registry().with(PrintLayer).init();
[INFO] [stdout]    |     ^^^^^^^^^^^^^^^^^^ use of undeclared crate or module `tracing_subscriber`
[INFO] [stdout] 
[INFO] [stdout] 
[INFO] [stdout] error[E0061]: this function takes 2 arguments but 3 arguments were supplied
[INFO] [stdout]   --> examples/client_json_tracing_otel1.rs:58:18
[INFO] [stdout]    |
[INFO] [stdout] 58 |     let tracer = opentelemetry::trace::TracerProvider::tracer(&provider, "client_json", None);
[INFO] [stdout]    |                  ^^^^^^^^^^^^^^^^^^^^^^^^^^^^^^^^^^^^^^^^^^^^                         ------
[INFO] [stdout]    |                                                                                       | |
[INFO] [stdout]    |                                                                                       | unexpected argument of type `Option<_>`
[INFO] [stdout]    |                                                                                       help: remove the extra argument
[INFO] [stdout]    |
[INFO] [stdout] note: method defined here
[INFO] [stdout]   --> /opt/rustwide/cargo-home/registry/src/index.crates.io-6f17d22bba15001f/opentelemetry-0.17.0/src/trace/tracer_provider.rs:32:8
[INFO] [stdout]    |
[INFO] [stdout] 32 |     fn tracer(&self, name: impl Into<Cow<'static, str>>) -> Self::Tracer {
[INFO] [stdout]    |        ^^^^^^
[INFO] [stdout] 
[INFO] [stdout] 
[INFO] [stdout] error[E0433]: failed to resolve: use of undeclared crate or module `tracing_subscriber`
[INFO] [stdout]   --> examples/client_json_tracing_otel1.rs:63:5
[INFO] [stdout]    |
[INFO] [stdout] 63 |     tracing_subscriber::registry()
[INFO] [stdout]    |     ^^^^^^^^^^^^^^^^^^ use of undeclared crate or module `tracing_subscriber`
[INFO] [stdout] 
[INFO] [stdout] 
[INFO] [stdout] error: aborting due to 6 previous errors
[INFO] [stdout] 
[INFO] [stdout] 
[INFO] [stdout] Some errors have detailed explanations: E0432, E0433.
[INFO] [stdout] 
[INFO] [stdout] For more information about an error, try `rustc --explain E0432`.
[INFO] [stdout] 
[INFO] [stdout] error: aborting due to 6 previous errors
[INFO] [stdout] 
[INFO] [stdout] 
[INFO] [stdout] Some errors have detailed explanations: E0432, E0433, E0599.
[INFO] [stdout] 
[INFO] [stdout] For more information about an error, try `rustc --explain E0432`.
[INFO] [stdout] 
[INFO] [stdout] error: aborting due to 8 previous errors
[INFO] [stdout] 
[INFO] [stdout] 
[INFO] [stdout] Some errors have detailed explanations: E0061, E0432, E0433.
[INFO] [stdout] 
[INFO] [stdout] For more information about an error, try `rustc --explain E0061`.
[INFO] [stdout] 
[INFO] [stderr] error: could not compile `tracing-attributes-http` (example "client_json_tracing_print") due to 7 previous errors
[INFO] [stderr] warning: build failed, waiting for other jobs to finish...
[INFO] [stderr] error: could not compile `tracing-attributes-http` (example "echo_trace") due to 7 previous errors
[INFO] [stderr] error: could not compile `tracing-attributes-http` (example "client_json_tracing_otel1") due to 9 previous errors
[INFO] running `Command { std: "docker" "inspect" "4f781b586b8461f4ede0d4e1b07ef8249896dec2f8c060c780c8fe8b92f120d1", kill_on_drop: false }`
[INFO] running `Command { std: "docker" "rm" "-f" "4f781b586b8461f4ede0d4e1b07ef8249896dec2f8c060c780c8fe8b92f120d1", kill_on_drop: false }`
[INFO] [stdout] 4f781b586b8461f4ede0d4e1b07ef8249896dec2f8c060c780c8fe8b92f120d1
